est common divisor of z and o?
6
Suppose -3*g = -3*r + 2*g - 1, -2*r + 5*g - 9 = 0. Let v = 4 - -5. Let c = v - 7. Calculate the highest common divisor of r and c.
2
Let l = -54 + 162. What is the greatest common divisor of 24 and l?
12
Let i be ((-8)/(-3))/(2/3). Suppose 4*v = -3*n + 188, 48 = -2*v + 3*v + n. What is the highest common divisor of i and v?
4
Suppose 0 = 5*k - 1 - 4. Suppose 0 = -2*z - k + 5. Suppose -5*x = 20, -z*x = v + 3*x - 15. What is the highest common factor of 14 and v?
7
Let w = 38 - 34. What is the highest common factor of w and 1?
1
Suppose 3*y + 6 - 21 = v, -27 = 3*v - 3*y. Let w be ((-16)/v)/((-6)/(-9)). What is the greatest common divisor of w and 8?
4
Suppose 0 = -3*h - 3*g + g + 50, 13 = h - 3*g. Suppose 0 = 4*s - 10 + 2. Suppose 0 = -2*x + h + s. What is the highest common factor of x and 36?
9
Let k(x) = 0 + x + x**3 - 4*x + 9*x**2 - 5*x - 5. Let d be k(-5). What is the highest common divisor of d and 15?
15
Suppose 4*g = 4*x - 68, -4*x + 30 + 42 = -5*g. Calculate the highest common factor of x and 26.
13
Suppose -o + 4*u + 15 = 6, -u = -o. Let k be (1/o)/(2/(-330)). What is the greatest common divisor of 5 and k?
5
Let i be 0 + (6 - -2*1). Let h = i - 14. Let t be (9/h)/((-1)/12). What is the greatest common factor of t and 12?
6
Let m be (-685)/35*-1 + 6/14. What is the greatest common factor of 220 and m?
20
Suppose 0 = 2*j + 5*v - 7, 2*j - 2*v = 17 - 3. Calculate the highest common divisor of 42 and j.
6
Let l = -13 - -17. Suppose -o - 113 = -l*o + v, 2*o - 67 = -v. Calculate the greatest common factor of 9 and o.
9
Let k(z) = z**2 + 6*z + 5. Let u(c) = -2*c**2 - c. Let x be u(-2). Let t be k(x). Calculate the highest common factor of 15 and t.
5
Let c = 96 + -52. What is the greatest common factor of c and 11?
11
Let a be 8/6*(2 - -1). Suppose 3*o = 2*k + k - 39, -2*o + 28 = a*k. Calculate the greatest common divisor of 36 and k.
9
Let k = -17 + 28. Calculate the highest common divisor of 121 and k.
11
Let r = -3 + 7. Suppose -44 + 9 = r*t + 5*k, 5*t + 5*k + 50 = 0. Let u be 10/(t/(-9) + -1). Calculate the greatest common divisor of 5 and u.
5
Let v(l) = l - 6. Let h be v(8). Let u be (1/h)/(2/36). Let y = 9 + 54. Calculate the greatest common factor of y and u.
9
Suppose -2 = 2*p - 62. Suppose 3*x - 1 = l + 2, 0 = -2*l - 3*x + p. Suppose -d + 72 = d. What is the greatest common factor of d and l?
9
Let r(j) = 52*j**2 - 3*j - 6. Let z be r(-2). What is the highest common factor of 26 and z?
26
Let f(l) = l**3 - l**2 - l + 154. Let i be f(0). Let a(h) = h**2 + 5*h - 2. Let c be a(3). Calculate the highest common factor of c and i.
22
Let w be 9/2 + (-2)/4. Let c = -7 + 11. Suppose -2*h + 12 + c = 0. What is the greatest common divisor of w and h?
4
Let r = 127 - 37. Calculate the highest common factor of r and 36.
18
Let n be (1*3)/(6/264). What is the highest common factor of 12 and n?
12
Let f(w) = w**3 - 11*w**2 + 5*w - 12. Let y be f(11). What is the highest common divisor of 129 and y?
43
Let u be 51/1 - (4 - 1). What is the highest common divisor of 32 and u?
16
Let h(c) = c**3 + 16*c**2 + 12*c - 33. Let m be h(-15). What is the highest common factor of 60 and m?
12
Let z(a) = a**2 - 8*a + 26. Let t be z(5). Calculate the greatest common factor of 99 and t.
11
Let j = -14 - -27. What is the greatest common factor of 39 and j?
13
Suppose 27 = -g + 4*x, -3*g + 2*x + 2*x = 41. Let p = g - -5. Let n be 127 + (p - 0) - -3. What is the highest common factor of n and 16?
16
Suppose 162 = -8*v + 11*v. Suppose -g = -12 + 2. Let c = 16 - g. Calculate the greatest common divisor of v and c.
6
Let g = 84 + -76. Calculate the greatest common factor of 8 and g.
8
Let o = 9 - -3. Let l(v) = 2*v**2 - v + 3. Let p be (-42)/(-8) + 1/(-4). Let t be l(p). Calculate the highest common factor of o and t.
12
Suppose -3*o - 4*g = -0*o - 99, -132 = -4*o + 4*g. Suppose -4*y + 5*y + 19 = 0. Let k = o + y. Calculate the highest common factor of 112 and k.
14
Let p(s) = 6*s**2 - 3*s. Let z be p(3). What is the greatest common factor of 18 and z?
9
Suppose z - 14 = -z. Suppose 4*x + 156 = -128. Let p be (x - -1)*(-2)/4. Calculate the highest common factor of p and z.
7
Let m(h) = -h**3 - 9*h**2 - 14*h + 10. Let w be m(-7). Let c = -15 + 25. Calculate the highest common factor of w and c.
10
Let t(l) = -24*l. Suppose -10 = 5*i - 7*f + 4*f, -4*i = -5*f + 21. Let r be t(i). Let c = r - -57. What is the highest common divisor of 22 and c?
11
Let g = 5 - 2. Suppose 3*i + 2 = -4*m + 2*m, 0 = g*i + 6. Suppose -m*u + 3 = -u. What is the greatest common factor of u and 1?
1
Let p be ((-30)/8)/((-6)/176). Let l be (11/((-44)/(-8)))/((-2)/(-44)). What is the greatest common factor of l and p?
22
Let f(h) = -h**3 - 8*h**2 + 3*h + 10. Let g be f(-10). Calculate the highest common divisor of g and 20.
20
Suppose -5*b + 3 + 6 = d, 4 = 4*d + 4*b. Let m be -2*(2 + (d - 37)). Calculate the highest common factor of m and 18.
18
Let w(v) = v**2 + 6*v + 6. Let n be w(-6). Suppose 2*x - 4*x + 6 = 0. What is the highest common divisor of x and n?
3
Let h(d) = -d**3 - 2*d**2 - 4*d - 3. Let r be h(-2). Suppose z - 32 = r*z. Let x = z + 14. Calculate the greatest common factor of x and 4.
2
Let k(g) = 8*g + 5*g**2 - g**2 - 5*g**2 - 2 + 0*g**2. Let n be k(6). What is the highest common divisor of n and 25?
5
Let m be -36*(-2 + 9/6). Let h(v) = -v + 13. Let i be h(-5). Calculate the highest common factor of m and i.
18
Suppose -4*y - 3*r - 5 = 0, -2*y - 2*r - 6 = 2*y. Let q be (24/9)/(y/(-3)). What is the greatest common divisor of 4 and q?
4
Suppose 2*h = -2*q + 76, 4*q - 55 - 65 = 4*h. What is the greatest common divisor of q and 170?
34
Let h = 92 - 20. Calculate the greatest common divisor of h and 180.
36
Let b = -19 + 79. Calculate the greatest common divisor of 15 and b.
15
Suppose 2*v = 4*v + 2*a + 20, -12 = 2*v - 2*a. Let t be (1/2)/(v/(-1232)). What is the greatest common factor of t and 11?
11
Let x(k) be the second derivative of 2*k**3 - 3*k**2 - 3*k. Let g be x(4). What is the highest common factor of 63 and g?
21
Suppose 0*u - u - 13 = 0. Let a = 37 + u. Suppose -3*q + 5*q = 32. What is the highest common factor of a and q?
8
Let d(x) = x**3 + 2*x**2 - x + 27. Let q be d(0). Calculate the highest common factor of 9 and q.
9
Let p(x) = 2*x**3 - 24*x**2 - x + 19. Let t be p(12). Suppose -4*w + i + 221 = 0, 5*w - 69 = -4*i + 223. What is the highest common factor of w and t?
7
Suppose 180 = 2*t + 3*t. Let b(g) = g**3 - 3*g**2 - 3*g. Let f be b(4). Calculate the greatest common factor of f and t.
4
Let n be 7 - (6/(-3) + 0). Suppose -8 = -3*l + 1. Suppose 4*k - 319 = 2*u - 31, -l*k + 216 = 4*u. Calculate the highest common divisor of k and n.
9
Suppose 4*i - 24 = -2*y, -4*y - 2*i - 7 + 31 = 0. Let r be 6/y - (-642)/12. What is the greatest common factor of r and 5?
5
Let o = -7 + 5. Let r(w) = 7*w**2 - 2 + w - 4*w**2 + 0*w. Let b be r(o). Calculate the greatest common divisor of b and 4.
4
Suppose 0*q - 325 = -5*q. Suppose -2*m + 5*j = 3*m + 95, m + 20 = 2*j. Let n be (-464)/m - (-2)/9. What is the greatest common factor of q and n?
13
Let y be (-1*1/3)/((-1)/30). What is the greatest common factor of y and 4?
2
Let i(c) = -c + 8. Let z be i(8). Suppose z = 5*a - 25 - 15. Let h be 21/1 + (-1)/1. What is the greatest common divisor of a and h?
4
Let p = -39 + 47. Suppose -4*r - 15 = r. Let q be (-6)/(-4)*(-4)/r. What is the highest common divisor of p and q?
2
Let c be ((-1)/(-2))/((-4)/(-1792)*2). What is the highest common divisor of 16 and c?
16
Suppose 985 = 5*i - t, -4*i - 2*t + 525 = -249. What is the highest common divisor of i and 28?
28
Let a(y) be the first derivative of 10*y**3/3 - y**2/2 + y + 3. Let u be a(1). Let k = -7 + 77. What is the highest common divisor of k and u?
10
Suppose -2*f + 5*f + 105 = 2*d, 4*d + 3*f = 255. Calculate the greatest common divisor of d and 45.
15
Let a be 1/((-513)/(-255) + -2). Calculate the highest common factor of a and 34.
17
Let i = -21 + 24. Suppose 5*c - i*c = 46. Calculate the greatest common divisor of c and 184.
23
Let o be 14/8 - 6/8. Suppose -o = 5*i - 6*i. Let q be 5 + -2 + (1 - 0). Calculate the highest common divisor of q and i.
1
Suppose z = -0*z - 4. Let c(l) = -l**3 - 3*l**2 + 4*l +